{"id":1572,"date":"2024-01-10T13:37:59","date_gmt":"2024-01-10T18:37:59","guid":{"rendered":"https:\/\/wp.uaslp.mx\/sinergia\/?page_id=1572"},"modified":"2024-01-10T17:07:24","modified_gmt":"2024-01-10T22:07:24","slug":"politica-de-privacidad","status":"publish","type":"page","link":"https:\/\/wp.uaslp.mx\/sinergia\/politica-de-privacidad\/","title":{"rendered":"Pol\u00edtica de privacidad"},"content":{"rendered":"\n<p>Sinergia blog es un sitio editado por la Direcci\u00f3n de Comunicaci\u00f3n e Imagen de la Universidad Aut\u00f3noma de San Luis Potos\u00ed (UASLP), dirigido a las y los estudiantes, comunidad de la UASLP, y lectoras y lectores externos. &nbsp;<\/p>\n\n\n\n<p>Nacimos en 2011 como gaceta y nos transformamos a blog para acercarnos a nuestras y nuestros lectores. Aqu\u00ed compartimos contenido de calidad, en tendencia, de la vida estudiantil y cultura pop.<\/p>\n\n\n\n<p>\u00a1Bienvenid@ a Sinergia blog! Tu amix m\u00e1s personal.<\/p>\n\n\n\n<p>El contenido e informaci\u00f3n es responsabilidad de las y los autores.<\/p>\n\n\n\n<p>Reservas de Derechos al Uso Exclusivo n\u00fam. 04-2022-1208-13330900-102<\/p>\n\n\n\n<p>Contacto para colaboraciones: <a href=\"mailto:sinergia@uaslp.mx\">sinergia@uaslp.mx<\/a><\/p>\n\n\n\n<p><\/p>\n\n\n\n<p><\/p>\n\n\n\n<p><\/p>\n","protected":false},"excerpt":{"rendered":"<p>Sinergia blog es un sitio editado por la Direcci\u00f3n de Comunicaci\u00f3n e Imagen de la Universidad Aut\u00f3noma de San Luis Potos\u00ed (UASLP), dirigido a las y los estudiantes, comunidad de la UASLP, y lectoras y lectores externos. &nbsp; Nacimos en 2011 como gaceta y nos transformamos a blog para acercarnos a nuestras y nuestros lectores. [&hellip;]<\/p>\n","protected":false},"author":5,"featured_media":0,"parent":0,"menu_order":0,"comment_status":"closed","ping_status":"closed","template":"","meta":{"footnotes":""},"class_list":["post-1572","page","type-page","status-publish","hentry"],"_links":{"self":[{"href":"https:\/\/wp.uaslp.mx\/sinergia\/wp-json\/wp\/v2\/pages\/1572","targetHints":{"allow":["GET"]}}],"collection":[{"href":"https:\/\/wp.uaslp.mx\/sinergia\/wp-json\/wp\/v2\/pages"}],"about":[{"href":"https:\/\/wp.uaslp.mx\/sinergia\/wp-json\/wp\/v2\/types\/page"}],"author":[{"embeddable":true,"href":"https:\/\/wp.uaslp.mx\/sinergia\/wp-json\/wp\/v2\/users\/5"}],"replies":[{"embeddable":true,"href":"https:\/\/wp.uaslp.mx\/sinergia\/wp-json\/wp\/v2\/comments?post=1572"}],"version-history":[{"count":5,"href":"https:\/\/wp.uaslp.mx\/sinergia\/wp-json\/wp\/v2\/pages\/1572\/revisions"}],"predecessor-version":[{"id":1631,"href":"https:\/\/wp.uaslp.mx\/sinergia\/wp-json\/wp\/v2\/pages\/1572\/revisions\/1631"}],"wp:attachment":[{"href":"https:\/\/wp.uaslp.mx\/sinergia\/wp-json\/wp\/v2\/media?parent=1572"}],"curies":[{"name":"wp","href":"https:\/\/api.w.org\/{rel}","templated":true}]}}